st common factor of f and q?
5
Suppose -44*d + 33 = -43*d - 3*t, 5*t = -3*d + 99. Let b be 2/(1/(11/2)). What is the greatest common divisor of b and d?
11
Let s(p) = 2*p**2 - 4*p + 1. Let h(b) = b**2. Let x(c) = h(c) - s(c). Let n be x(2). What is the highest common divisor of n and 12?
3
Let x = 14 + -2. Calculate the highest common divisor of 36 and x.
12
Suppose 5*x + 10 = 25. Suppose -361 + 37 = -x*m. Calculate the highest common factor of m and 12.
12
Let t be (-3248)/(-126) - (-2)/9. Calculate the highest common factor of t and 104.
26
Let g = 7 + 27. Suppose h - g = -0*h. Suppose 0 = 2*j - 2*s - 34, -3*j - 51 = -6*j - s. What is the highest common factor of h and j?
17
Suppose 11 = 2*i - 1. What is the highest common divisor of i and 12?
6
Suppose 3*o = 12, -u = 2*o - 4*o - 181. Let c = 87 + 60. Suppose 0 = -5*g - 42 + c. Calculate the greatest common factor of g and u.
21
Suppose 4 = 2*r - 0. Let t be r + -2 + 97 + 1. What is the highest common divisor of t and 14?
14
Let z = 9 + -2. Suppose -13 - z = -2*l. Let d(v) = 31*v - 1. Let x be d(1). What is the greatest common factor of l and x?
10
Let d = -13 - -18. Suppose 0*x - 5*x + 275 = 0. Let k = x - 35. What is the highest common factor of d and k?
5
Let r = -12 - -20. Let g be 14/7 - (2 + -88). Calculate the greatest common divisor of g and r.
8
Let x = -27 - -28. Calculate the greatest common divisor of x and 11.
1
Let z(g) be the first derivative of -g**4/4 - 5*g**3 + 6*g**2 - 8*g + 3. Let p be z(-16). Calculate the highest common divisor of p and 8.
8
Let u = 19 - 10. What is the highest common factor of 99 and u?
9
Let i = 5 + 9. Calculate the greatest common divisor of 7 and i.
7
Let f be (0 + 2)/2 + 2. Suppose -5*h - 18 = -2*l, -19 = -2*l + f*h + 3. Calculate the highest common divisor of 112 and l.
14
Let c(v) = v**3 - 4*v + 3. Let i be c(2). Suppose 0 = 5*b - b + 84. Let s = 42 + b. Calculate the highest common divisor of s and i.
3
Suppose -2 = -3*x - 5*y, -x - 3*y = 2*y - 4. Let r be 30 - (-4 + 2 + x). Calculate the greatest common divisor of r and 22.
11
Let k(a) = -a**2 + 7*a + 11. Let l be k(8). Let o be l/(((-2)/(-2))/7). Let h = o + -14. Calculate the greatest common divisor of h and 77.
7
Let h(g) = g**2 + 4*g - 1. Let v be h(-6). Calculate the greatest common factor of 33 and v.
11
Suppose 5*r = -79 - 31. Let v be (-26)/r + (-6)/33. Calculate the highest common factor of v and 8.
1
Let r = 27 - 20. Suppose -r*u + 12*u - 85 = 0. Calculate the highest common factor of 68 and u.
17
Suppose 2*m + 1068 = -2*m. Let x = m + 397. Suppose -4*l - l = -x. What is the highest common factor of l and 65?
13
Suppose 0 = -k + 5*f - 17, 4*k - 4 = 3*f - f. Calculate the greatest common divisor of 12 and k.
3
Suppose -3*r = -93 + 18. Calculate the greatest common factor of 200 and r.
25
Suppose 0 = 2*h - z - 269, 672 = 5*h - 3*z - 0*z. What is the highest common divisor of 27 and h?
27
Let t = 28 - 12. Suppose -2*g = 4*x - t, 3*g - 4*x - 44 = -0*g. What is the greatest common divisor of 12 and g?
12
Let k be 0 - 3/(3/(-2)). Suppose 2*q + l - 2 - 15 = 0, -2*l = -k. Suppose -2*n + g = -22, -5*n = 5*g + q - 33. Calculate the highest common divisor of n and 72.
9
Suppose -11 = -3*v - 2*d, 0 = 5*v - 5*d - 50 - 10. Let l(c) = c**2 + 3*c - 7. Let t be l(-5). Let m = t - -4. What is the greatest common factor of v and m?
7
Suppose -3*w + 2*x + 28 = -7, 2 = x. Suppose -3*f = -w - 17. Calculate the highest common divisor of f and 5.
5
Let h(t) be the second derivative of t**4/12 + 7*t**3/6 - 11*t**2/2 + 2*t. Let x = -6 + -3. Let z be h(x). What is the greatest common divisor of z and 21?
7
Let r = -3 - -19. Let w(k) = 22*k + 40. Let z be w(4). What is the highest common divisor of z and r?
16
Suppose 72 = 4*o - 2*o. Let u = 1 - -2. Suppose 3*x + 2*m - 128 = -2*x, u*m + 12 = x. Calculate the highest common divisor of x and o.
12
Let k = 4 - -4. Suppose -1 = 3*h - 5*z - 92, -3*h + 85 = -2*z. Suppose h = r - 5. Calculate the greatest common divisor of r and k.
8
Let s be (-205)/(-10) - 1/2. Let n = -456 + 254. Let c be n/(-4) - 3/6. What is the greatest common divisor of s and c?
10
Suppose 0 = 4*n - 0*n - 432. Suppose -5*i + 4*c + 56 = -16, 3*i - 42 = 2*c. What is the greatest common divisor of n and i?
12
Suppose 0 = -w + 6 - 3. Let a be 4*(w - (0 - -2)). Suppose -c - 3*g + 8*g = -113, 0 = -4*c - a*g + 524. Calculate the highest common divisor of 16 and c.
16
Suppose -2*m + 3*m - 18 = 0. Suppose -2*n = 2*n - 24. Suppose 4*o - 2 = n. Calculate the greatest common factor of m and o.
2
Let a(c) = -c**2 - 5*c + 2. Let x be a(-5). Calculate the greatest common divisor of 3 and x.
1
Let y(k) be the third derivative of -5*k**4/12 - k**3/3 + 3*k**2. Let s be y(-2). Calculate the greatest common divisor of s and 9.
9
Let g(h) = -3*h - 9. Let m be g(-11). Calculate the highest common factor of 56 and m.
8
Let h = 33 - -7. Let z = 3 - 8. Let o be -1 + -1 + 1 - z. Calculate the highest common divisor of o and h.
4
Suppose -5*u - 3*x + 260 = -5*x, 5*u - 260 = -5*x. Calculate the greatest common factor of 4 and u.
4
Let x(j) = -18*j + 1. Let d be x(-3). What is the greatest common divisor of 11 and d?
11
Let u = 12 - 9. Let m(q) = 19*q - 1. Let l be m(u). Suppose 0*x + x = l. What is the highest common divisor of x and 8?
8
Suppose -3*c = -h - 22, -3*h - 38 = 2*h + 3*c. Let p = 16 + h. What is the greatest common factor of p and 12?
6
Suppose 0 = 4*r - 2 - 18. Suppose 2*p + 2*k = -3*p + 323, r*k = 20. What is the greatest common factor of p and 7?
7
Suppose -i = i. Suppose -y - 5 + 25 = i. What is the highest common factor of 50 and y?
10
Suppose 4*z = 3*z + 157. Suppose -z = -3*d - 31. What is the highest common divisor of d and 6?
6
Let r be 2/(-4 - (-2)/1). Let w be (0/r)/(-2) + 42. Suppose l + 4*x - 12 = 2, 0 = 3*l + 3*x - w. What is the highest common factor of 70 and l?
14
Let r be (-2)/(-6) - (-22)/6. Let j be (-6)/4*r/6. Let f be 11/(j - (-4)/2). What is the highest common factor of f and 1?
1
Let c = 11 - -1. Suppose -21 = -3*y + c. Let k be 1/(-3) + 696/9. What is the highest common divisor of y and k?
11
Let n(s) = s**2 + s + 9. Let m be n(0). Let c = -48 - -75. Calculate the highest common divisor of m and c.
9
Suppose 0 = -5*q + c + 1, -q + 5 = -5*c - 0. Let y be -3 - (q/(-2) + -5). Let t be ((-4)/3)/(y/(-12)). What is the highest common factor of 40 and t?
8
Let l(x) = -x**2 - 8*x. Let a be l(-6). Suppose -3*n = -2*j - 8*n + 52, -2*n = -2*j + 66. Suppose 5 + j = 2*z. Calculate the highest common factor of z and a.
6
Suppose 7 = 3*g - 38. Let h be -2*g*3/(-6). What is the highest common divisor of 5 and h?
5
Let w = 2 - 5. Let i be ((-1)/w)/((-1)/(-9)). Suppose -v - 22 = -i*s, -7*v + 2 = -2*s - 3*v. Calculate the greatest common divisor of 18 and s.
9
Let o = -2 + 6. Let i be (o + -28)*(-1)/2. Calculate the highest common divisor of i and 108.
12
Let q be 39/(-26)*(-24)/9. Calculate the greatest common factor of 40 and q.
4
Let g(a) = 12*a - 20. Let v be g(8). What is the highest common divisor of v and 114?
38
Suppose 3*n + 263 = 11. Let x = 34 + -76. Let m = x - n. What is the highest common factor of 28 and m?
14
Let i(w) = 104*w**2 - 2*w + 2. Let o be i(1). What is the greatest common divisor of 13 and o?
13
Let m be (-4)/6*(-158 - 4). What is the highest common factor of 12 and m?
12
Let a(v) = -v + 14. Let n be a(8). What is the greatest common divisor of 2 and n?
2
Let g be (-558)/(-8) + (-2)/(-8). Suppose -63 = 2*p - 83. Calculate the highest common divisor of g and p.
10
Let l be 248/6 + (-4)/3. Calculate the greatest common factor of 60 and l.
20
Let q be 30/(-135) + 119/9. What is the highest common divisor of q and 13?
13
Let t be (1 + -1)*4/8. Let b be (-15 - t)*(-2)/(-5). Let v be -3*2/b - -1. What is the greatest common factor of v and 1?
1
Let m = 204 - 52. Let i = -27 + 46. Let a be (i/(-4))/(1/(-4)). Calculate the highest common factor of m and a.
19
Suppose 120 = 5*j + f, -3*f - 96 = -4*j - 0*f. Let x be 174/15 - (-4)/10. Calculate the highest common divisor of j and x.
12
Let h = 5 + -7. Let a be h*(-3)/(-2) - 6. Let j = 19 + a. Calculate the greatest common divisor of j and 4.
2
Let j = 3 + -1. Suppose -19 = -2*y + 5*c, c + j = -3*y + 5. Let v(m) = 5*m - 12. Let n be v(3